+ 3. Let k(z) = 3*z**2 - 6*z - 7. What are the prime factors of k(w)?
2, 19
Let s(f) = -f**3 - 6*f**2 - 6*f - 4. Let c be s(-4). What are the prime factors of ((-13)/(-2))/((-6)/c)?
13
Suppose 0 = -4*v + 2*x - x + 20, -2*v + 2*x + 10 = 0. Let j be (0/v)/(1*2). Suppose -i + 2 + 5 = j. List the prime factors of i.
7
Let y(b) = -5 - 5 - 2*b + 2 + 1. Let i be y(12). Let j = -17 - i. List the prime factors of j.
2, 7
Suppose g + 2 = 0, 4*j - 5*g + 16 = 2. Suppose -32 - 8 = -5*l. What are the prime factors of (105/(-14))/(j/l)?
2, 5
Let f(m) = 2*m + 1. Suppose -9*s = 2*s - 88. List the prime factors of f(s).
17
Suppose 5*z - c = 27 + 4, z - 2*c - 8 = 0. Let i be (-819)/(-35) + z/10. Suppose 8*s = 10*s - i. List the prime factors of s.
2, 3
Suppose 4*t + t = -410. Let b = -36 - t. Suppose 5*m + 1 = f - 28, -2*f + 4*m = -b. List the prime factors of f.
19
Suppose -4668 = -16*n + 3540. What are the prime factors of n?
3, 19
Suppose -w + 86 = -29. Suppose -7*k = -12*k + w. What are the prime factors of k?
23
Let i = -274 + 159. Let v = 5 - i. List the prime factors of v.
2, 3, 5
Suppose 13*y - 15*y = -6. Suppose 0 = -3*r + o + 222, 0*r + y*r - 204 = -5*o. What are the prime factors of r?
73
Let u = -5 + 2. Let c(x) = x**2 - 4. Let q be c(u). Suppose -4 = -5*n + q*z + 121, -2*z = 0. List the prime factors of n.
5
Suppose 0 = 5*k - 3*k, 4*k + 16512 = 3*i. List the prime factors of i.
2, 43
Suppose 3 = -u - 2. Let j be (u - -13) + -2 + 0. Suppose -j*g + 75 = -g. List the prime factors of g.
3, 5
Suppose 5*c - 18 = 4*c. Suppose 3*s = 2*s - c. What are the prime factors of (5/3)/((-3)/s)?
2, 5
List the prime factors of (-21434)/(-28) - 3/(-6).
2, 383
Suppose -4*q - 28 = -4*o, -3*o - q + 3*q = -19. Suppose o*j - 2*i - 174 = 120, -2*i + 54 = j. What are the prime factors of j?
2, 29
Let i be (-5 - 70)*6/15. Let d = -3 - i. What are the prime factors of d?
3
Let o be (19 + -5)*(-9)/6. Let p be 4 - (1 + -2 + 2). What are the prime factors of (o/(-9) - p)*-24?
2
Let g(p) = -6 + 9*p - 5 - 6*p + p**2 + 6*p. Let k be g(-15). Let s = -33 + k. What are the prime factors of s?
2, 23
Let z be 6747/(-26) + ((-15)/6 - -2). Let n = 15 - z. What are the prime factors of n?
5, 11
Let c be 8/(-3)*3/2. What are the prime factors of -42*(c - 30/(-9))?
2, 7
Suppose -4*o + 35 - 27 = 0. Let z(l) = 2*l + 9*l**3 - l - l**2 + 3*l - 1 - o*l. List the prime factors of z(1).
3
Let b = 118 - 6. Suppose -4*i = -b - 264. List the prime factors of i.
2, 47
What are the prime factors of (-4)/(-4) - (-12 - 949)?
2, 13, 37
Suppose 0 = -4*a + 5*j - 452 + 1491, -4*a - 5*j + 1009 = 0. What are the prime factors of a?
2
Let v = -84 + 88. Suppose v*h = -i - 208 + 1207, -3*i - 987 = -4*h. What are the prime factors of h?
3, 83
Suppose -6*m + 40 = -2*m. Let k = 12 - m. Suppose 3*i - 2*w - 2 = -k*i, 0 = i - 3*w + 10. What are the prime factors of i?
2
Let m = -399 - -540. List the prime factors of m.
3, 47
Suppose 17*v - 57*v + 188120 = 0. What are the prime factors of v?
4703
Let o(n) = -100*n + 111. List the prime factors of o(-5).
13, 47
List the prime factors of ((145 - -1)/2)/(3/54).
2, 3, 73
Let x = 54 + 496. What are the prime factors of x?
2, 5, 11
Suppose 0 = -u - 3*i + 4*i + 26, -4*u = 5*i - 104. Suppose 5*a = -0*l - 2*l + 76, -4*l + u = a. What are the prime factors of a?
2, 7
Suppose -5*s = -5*k, -2*k + 8 = -4*k. Let i(f) = -f**3 - 4*f**2 - 3*f - 5. What are the prime factors of i(s)?
7
Let t = 26 + -25. Let z be (t/(-3))/((-2)/24). Suppose 0 = 2*p - 50 + z. What are the prime factors of p?
23
Let u be ((-29)/(-2))/(7/14). Suppose 31*p - 96 = u*p. List the prime factors of p.
2, 3
Let n(x) = 10*x**2. Let b be n(1). Let y = 88 - b. Suppose -y - 24 = -3*d. What are the prime factors of d?
2, 17
Let u = -24 + 26. Suppose -4*m = -3*f + 17, u*m + 10 = -3*m. What are the prime factors of f?
3
Let k = 30 + -27. Suppose 7*s = k*s + 688. List the prime factors of s.
2, 43
Let c = -1 - -3. Suppose -1 = 2*i + 7, 0 = -4*u + c*i + 20. Suppose 4*o - 105 = 5*w, -4*o - w - u*w = -60. List the prime factors of o.
2, 5
Let x(o) = 268*o**2 + 4*o - 13. List the prime factors of x(3).
2411
Let u(r) = 4*r**3 - 9*r**2 - 3*r - 38. List the prime factors of u(8).
2, 3, 5, 47
Suppose -5*f + 30 = f. Let o(b) = -b**3 + 7*b**2 - b - 5. List the prime factors of o(f).
2, 5
Let y = -452 - -1212. List the prime factors of y.
2, 5, 19
Let k(g) = 2*g**3 + 8*g**2 - 2*g + 6. Let f be k(-4). Let c = f - -44. What are the prime factors of c?
2, 29
Let f = 24 - 24. Suppose -5*a + 15 + 10 = f. List the prime factors of a.
5
Let m(t) = t**3 + 9*t**2 - 10*t + 14. Let b be 32/(-6) + 11/33. Let l be -3*b/9*-6. What are the prime factors of m(l)?
2, 7
Suppose f - 1 = 0, 5*h + 4*f = 2*f + 7. Let p be h + 46 + (4 - 1). Let b = p - 9. List the prime factors of b.
41
Suppose -2*o - l - 12 = -6*o, 28 = 3*o + 4*l. Suppose -4*n + 616 = 4*b, o*n + 0*b - 618 = -2*b. List the prime factors of n.
5, 31
Let b be (-2)/4 + 72/16. Suppose -6 = -5*c + b. Suppose 2*v + 3*z = -c*z + 79, 3*v - z = 76. List the prime factors of v.
3
What are the prime factors of (296/8)/((-4)/(52/(-1)))?
13, 37
Let f(o) = 6*o - 19. Let l(k) = -6*k + 19. Let g(i) = 3*f(i) + 2*l(i). What are the prime factors of g(18)?
89
Let j = -16 - -53. Suppose -20 = j*o - 39*o. What are the prime factors of o?
2, 5
Let j be (2*-2)/(-1 + 6/3). What are the prime factors of (1*j/2)/((-2)/128)?
2
Suppose -1290 = -2*m - 16*w + 18*w, 2*m + 4*w = 1302. What are the prime factors of m?
647
List the prime factors of 17/(-34) + (-950)/(-4) - -5.
2, 11
Let b(d) = 210*d**2 + 12*d + 8. List the prime factors of b(-2).
2, 103
Let t(y) = 163*y**3 + 3*y**2 - 6*y + 3. Let f(j) = 109*j**3 + 2*j**2 - 4*j + 2. Let c(n) = 8*f(n) - 5*t(n). List the prime factors of c(1).
3, 19
Let p = -41 - -41. Suppose p = -2*a - a + 90. What are the prime factors of a?
2, 3, 5
Let p(u) = u**3 - u**2 + u + 58. Suppose 3 = 2*o - 7. Let i = o - 5. What are the prime factors of p(i)?
2, 29
Let m(k) = -k + 17. Let n be (21 + -1 - -2) + 1. Let o = -15 + n. List the prime factors of m(o).
3
Suppose -3*w + 13 = -o, 3*w - 2*w + 2*o = 9. Suppose -p = -w*p + 68. Suppose -2*j + 39 + p = 0. What are the prime factors of j?
2, 7
Suppose 0 = -4*w + 11*w - 1771. List the prime factors of w.
11, 23
Suppose f + t - 4*t - 6 = 0, 2*t + 4 = 0. Suppose -5*b + 4*b + 17 = f. What are the prime factors of b?
17
Suppose -3*d - c = 3, 0 = 4*d + 4*c + 12. Suppose y - 41 - 34 = d. List the prime factors of y.
3, 5
Suppose 8*q - 28575 = -8911. List the prime factors of q.
2, 1229
Suppose 0*k + 2*k + 20 = -4*s, 4*s = -5*k - 8. Let w(y) = y**3 + 8*y**2 - 2*y - 6. What are the prime factors of w(s)?
3, 19
What are the prime factors of (-16)/56 + 16921/7?
2417
Suppose 3*x = 2 - 8. List the prime factors of 192 + (4 - 1 - (3 + x)).
2, 97
Let v be (7 - 9)/(5/(190/(-4))). Let w = 4 + -2. Suppose -35 - v = -w*t. List the prime factors of t.
3
Let s(d) = d**2 - 7*d + 4. Let h be s(7). Suppose c - 286 = -3*r, -5*r + h*c + 488 = -0*r. List the prime factors of r.
2, 3
Let j = -29 - -31. Suppose -3*g + 5*g - p - 83 = 0, 2*g - j*p - 86 = 0. List the prime factors of g.
2, 5
Let s be 2 + 3/(-3)*3. List the prime factors of (-45)/s*10/30.
3, 5
Let n = 3 - -6. Suppose -n*u + 922 = -320. List the prime factors of u.
2, 3, 23
Let w = -57 + 624. What are the prime factors of w?
3, 7
Let p(r) = -18*r**3 - 4*r**2 - 3*r. Let k be p(-2). Let v = 314 - k. What are the prime factors of v?
2, 3, 5
Suppose 0 = -7*t + 1249 + 1355. What are the prime factors of t?
2, 3, 31
Let q(j) = 2*j**3 - 2*j**2 - 2*j + 1. Suppose 0 = -c + 7*c - 24. What are the prime factors of q(c)?
89
Let c = 1984 - 1124. List the prime factors of c.
2, 5, 43
Let l(g) = g**2 + 8*g + 3. Let u be l(-8). Suppose u*a - 435 = -21. What are the prime factors of a?
2, 3, 23
Let q = 50 - 80. Let v = 63 + q. What are the prime factors of v?
3, 11
Let w(c) = 1976*c**2 + 8*c - 2. What are the prime factors of w(1)?
2, 991
Suppose -1 = z, 0*z + 43 = 3*d - 4*z. Suppose -2*q + 3*y = 5*y, y = -4*q + 9. Suppose 2*r = -q + d. List the prime factors of r.
5
Let b be (-7)/2*30/(-15). Suppose 2*w - 152 = 3*t - b*t, 3*w + 4*t - 232 = 0. What are the prime factors of w?
2, 5
Let n(i) = -42*i**3 - 3*i**2 + i - 2. What ar